{"id":566,"date":"2025-12-21T14:52:15","date_gmt":"2025-12-21T14:52:15","guid":{"rendered":"http:\/\/neu.salonleonardo.de\/?page_id=566"},"modified":"2025-12-21T14:57:00","modified_gmt":"2025-12-21T14:57:00","slug":"kinder-behandlungen","status":"publish","type":"page","link":"http:\/\/neu.salonleonardo.de\/?page_id=566","title":{"rendered":"Fu\u00dfpflege f\u00fcr Kinder"},"content":{"rendered":"\n<div class=\"wp-block-group\"><div class=\"wp-block-group__inner-container is-layout-constrained wp-block-group-is-layout-constrained\">\n<div class=\"wp-block-group\"><div class=\"wp-block-group__inner-container is-layout-constrained wp-block-group-is-layout-constrained\">\n<h3 class=\"wp-block-heading\" style=\"line-height:0\"><br><strong><strong>Kinder Fu\u00dfpflege<\/strong><\/strong><\/h3>\n\n\n\n<div class=\"wp-block-columns is-layout-flex wp-container-core-columns-is-layout-9d6595d7 wp-block-columns-is-layout-flex\">\n<div class=\"wp-block-column is-layout-flow wp-block-column-is-layout-flow\" style=\"flex-basis:2%\"><\/div>\n\n\n\n<div class=\"wp-block-column is-layout-flow wp-block-column-is-layout-flow\" style=\"flex-basis:50%\">\n<ul style=\"font-style:normal;font-weight:100\" class=\"wp-block-list has-small-font-size\">\n<li>Schonende Fu\u00dfpflege speziell f\u00fcr Kinder<\/li>\n\n\n\n<li>Behandlung eingewachsener N\u00e4gel und H\u00fchneraugen<\/li>\n\n\n\n<li>Korrektur und Pflege deformierter N\u00e4gel<\/li>\n\n\n\n<li>Dauer: ca. 40 Minuten<\/li>\n<\/ul>\n<\/div>\n\n\n\n<div class=\"wp-block-column is-vertically-aligned-bottom is-layout-flow wp-block-column-is-layout-flow\" style=\"flex-basis:25%\">\n<p class=\"has-text-align-left\"><strong>38,00\u20ac<\/strong><\/p>\n<\/div>\n<\/div>\n<\/div><\/div>\n<\/div><\/div>\n\n\n\n<hr class=\"wp-block-separator has-css-opacity\"\/>\n\n\n\n<div class=\"wp-block-group\"><div class=\"wp-block-group__inner-container is-layout-constrained wp-block-group-is-layout-constrained\">\n<div class=\"wp-block-group\"><div class=\"wp-block-group__inner-container is-layout-constrained wp-block-group-is-layout-constrained\">\n<h3 class=\"wp-block-heading\" style=\"line-height:0\"><br><strong><strong>Warzenbehandlung (Kinder)<\/strong><\/strong><\/h3>\n\n\n\n<div class=\"wp-block-columns is-layout-flex wp-container-core-columns-is-layout-9d6595d7 wp-block-columns-is-layout-flex\">\n<div class=\"wp-block-column is-layout-flow wp-block-column-is-layout-flow\" style=\"flex-basis:2%\"><\/div>\n\n\n\n<div class=\"wp-block-column is-layout-flow wp-block-column-is-layout-flow\" style=\"flex-basis:50%\">\n<ul style=\"font-style:normal;font-weight:100\" class=\"wp-block-list has-small-font-size\">\n<li>Schonende Behandlung von Warzen bei Kindern<\/li>\n\n\n\n<li>Fachgerechte und hygienische Durchf\u00fchrung<\/li>\n<\/ul>\n<\/div>\n\n\n\n<div class=\"wp-block-column is-vertically-aligned-bottom is-layout-flow wp-block-column-is-layout-flow\" style=\"flex-basis:25%\">\n<p class=\"has-text-align-left\"><strong>28,00\u20ac<\/strong><\/p>\n<\/div>\n<\/div>\n<\/div><\/div>\n<\/div><\/div>\n\n\n\n<hr class=\"wp-block-separator has-css-opacity\"\/>\n\n\n\n<div class=\"wp-block-group\"><div class=\"wp-block-group__inner-container is-layout-constrained wp-block-group-is-layout-constrained\">\n<div class=\"wp-block-group\"><div class=\"wp-block-group__inner-container is-layout-constrained wp-block-group-is-layout-constrained\">\n<h3 class=\"wp-block-heading\" style=\"line-height:0\"><br><strong><strong>Mehraufwand<\/strong><\/strong><\/h3>\n\n\n\n<div class=\"wp-block-columns is-layout-flex wp-container-core-columns-is-layout-9d6595d7 wp-block-columns-is-layout-flex\">\n<div class=\"wp-block-column is-layout-flow wp-block-column-is-layout-flow\" style=\"flex-basis:2%\"><\/div>\n\n\n\n<div class=\"wp-block-column is-layout-flow wp-block-column-is-layout-flow\" style=\"flex-basis:50%\">\n<ul style=\"font-style:normal;font-weight:100\" class=\"wp-block-list has-small-font-size\">\n<li>Zus\u00e4tzlicher zeitlicher oder technischer Aufwand w\u00e4hrend der Behandlung<\/li>\n<\/ul>\n<\/div>\n\n\n\n<div class=\"wp-block-column is-vertically-aligned-bottom is-layout-flow wp-block-column-is-layout-flow\" style=\"flex-basis:25%\">\n<p class=\"has-text-align-left\"><strong>12,00\u20ac<\/strong><\/p>\n<\/div>\n<\/div>\n<\/div><\/div>\n<\/div><\/div>\n\n\n\n<div class=\"wp-block-group\"><div class=\"wp-block-group__inner-container is-layout-constrained wp-block-group-is-layout-constrained\">\n<div class=\"wp-block-group\"><div class=\"wp-block-group__inner-container is-layout-constrained wp-block-group-is-layout-constrained\">\n<h3 class=\"wp-block-heading\" style=\"line-height:0\"><br><strong><strong>Wichtiger Hinweis<\/strong><\/strong><\/h3>\n\n\n\n<div class=\"wp-block-columns is-layout-flex wp-container-core-columns-is-layout-9d6595d7 wp-block-columns-is-layout-flex\">\n<div class=\"wp-block-column is-layout-flow wp-block-column-is-layout-flow\">\n<p class=\"has-small-font-size\">Bitte beachten Sie, dass die Bezahlung derzeit ausschlie\u00dflich <strong>in bar<\/strong> m\u00f6glich ist.<br>Wir bitten Sie au\u00dferdem, <strong>ohne Nagellack oder Gel-\/Shellac-Beschichtung<\/strong> zur Behandlung zu erscheinen, da diese vor Beginn entfernt werden m\u00fcssten. Vielen Dank f\u00fcr Ihr Verst\u00e4ndnis.<\/p>\n<\/div>\n<\/div>\n<\/div><\/div>\n<\/div><\/div>\n\n\n\n<p><\/p>\n","protected":false},"excerpt":{"rendered":"<p>Kinder Fu\u00dfpflege 38,00\u20ac<\/p>\n","protected":false},"author":1,"featured_media":0,"parent":0,"menu_order":0,"comment_status":"closed","ping_status":"closed","template":"","meta":{"footnotes":""},"class_list":["post-566","page","type-page","status-publish","hentry"],"_links":{"self":[{"href":"http:\/\/neu.salonleonardo.de\/index.php?rest_route=\/wp\/v2\/pages\/566","targetHints":{"allow":["GET"]}}],"collection":[{"href":"http:\/\/neu.salonleonardo.de\/index.php?rest_route=\/wp\/v2\/pages"}],"about":[{"href":"http:\/\/neu.salonleonardo.de\/index.php?rest_route=\/wp\/v2\/types\/page"}],"author":[{"embeddable":true,"href":"http:\/\/neu.salonleonardo.de\/index.php?rest_route=\/wp\/v2\/users\/1"}],"replies":[{"embeddable":true,"href":"http:\/\/neu.salonleonardo.de\/index.php?rest_route=%2Fwp%2Fv2%2Fcomments&post=566"}],"version-history":[{"count":3,"href":"http:\/\/neu.salonleonardo.de\/index.php?rest_route=\/wp\/v2\/pages\/566\/revisions"}],"predecessor-version":[{"id":576,"href":"http:\/\/neu.salonleonardo.de\/index.php?rest_route=\/wp\/v2\/pages\/566\/revisions\/576"}],"wp:attachment":[{"href":"http:\/\/neu.salonleonardo.de\/index.php?rest_route=%2Fwp%2Fv2%2Fmedia&parent=566"}],"curies":[{"name":"wp","href":"https:\/\/api.w.org\/{rel}","templated":true}]}}

Fußpflege für Kinder

<div class="wp-block-group"><div class="wp-block-group__inner-container is-layout-constrained wp-block-group-is-layout-constrained">
<div class="wp-block-group"><div class="wp-block-group__inner-container is-layout-constrained wp-block-group-is-layout-constrained">
<h3 class="wp-block-heading" style="line-height:0"><br><strong><strong>Kinder Fußpflege</strong></strong></h3>



<div class="wp-block-columns is-layout-flex wp-container-core-columns-is-layout-9d6595d7 wp-block-columns-is-layout-flex">
<div class="wp-block-column is-layout-flow wp-block-column-is-layout-flow" style="flex-basis:2%"></div>



<div class="wp-block-column is-layout-flow wp-block-column-is-layout-flow" style="flex-basis:50%">
<ul style="font-style:normal;font-weight:100" class="wp-block-list has-small-font-size">
<li>Schonende Fußpflege speziell für Kinder</li>



<li>Behandlung eingewachsener Nägel und Hühneraugen</li>



<li>Korrektur und Pflege deformierter Nägel</li>



<li>Dauer: ca. 40 Minuten</li>
</ul>
</div>



<div class="wp-block-column is-vertically-aligned-bottom is-layout-flow wp-block-column-is-layout-flow" style="flex-basis:25%">
<p class="has-text-align-left"><strong>38,00€</strong></p>
</div>
</div>
</div></div>
</div></div>



<hr class="wp-block-separator has-css-opacity"/>



<div class="wp-block-group"><div class="wp-block-group__inner-container is-layout-constrained wp-block-group-is-layout-constrained">
<div class="wp-block-group"><div class="wp-block-group__inner-container is-layout-constrained wp-block-group-is-layout-constrained">
<h3 class="wp-block-heading" style="line-height:0"><br><strong><strong>Warzenbehandlung (Kinder)</strong></strong></h3>



<div class="wp-block-columns is-layout-flex wp-container-core-columns-is-layout-9d6595d7 wp-block-columns-is-layout-flex">
<div class="wp-block-column is-layout-flow wp-block-column-is-layout-flow" style="flex-basis:2%"></div>



<div class="wp-block-column is-layout-flow wp-block-column-is-layout-flow" style="flex-basis:50%">
<ul style="font-style:normal;font-weight:100" class="wp-block-list has-small-font-size">
<li>Schonende Behandlung von Warzen bei Kindern</li>



<li>Fachgerechte und hygienische Durchführung</li>
</ul>
</div>



<div class="wp-block-column is-vertically-aligned-bottom is-layout-flow wp-block-column-is-layout-flow" style="flex-basis:25%">
<p class="has-text-align-left"><strong>28,00€</strong></p>
</div>
</div>
</div></div>
</div></div>



<hr class="wp-block-separator has-css-opacity"/>



<div class="wp-block-group"><div class="wp-block-group__inner-container is-layout-constrained wp-block-group-is-layout-constrained">
<div class="wp-block-group"><div class="wp-block-group__inner-container is-layout-constrained wp-block-group-is-layout-constrained">
<h3 class="wp-block-heading" style="line-height:0"><br><strong><strong>Mehraufwand</strong></strong></h3>



<div class="wp-block-columns is-layout-flex wp-container-core-columns-is-layout-9d6595d7 wp-block-columns-is-layout-flex">
<div class="wp-block-column is-layout-flow wp-block-column-is-layout-flow" style="flex-basis:2%"></div>



<div class="wp-block-column is-layout-flow wp-block-column-is-layout-flow" style="flex-basis:50%">
<ul style="font-style:normal;font-weight:100" class="wp-block-list has-small-font-size">
<li>Zusätzlicher zeitlicher oder technischer Aufwand während der Behandlung</li>
</ul>
</div>



<div class="wp-block-column is-vertically-aligned-bottom is-layout-flow wp-block-column-is-layout-flow" style="flex-basis:25%">
<p class="has-text-align-left"><strong>12,00€</strong></p>
</div>
</div>
</div></div>
</div></div>



<div class="wp-block-group"><div class="wp-block-group__inner-container is-layout-constrained wp-block-group-is-layout-constrained">
<div class="wp-block-group"><div class="wp-block-group__inner-container is-layout-constrained wp-block-group-is-layout-constrained">
<h3 class="wp-block-heading" style="line-height:0"><br><strong><strong>Wichtiger Hinweis</strong></strong></h3>



<div class="wp-block-columns is-layout-flex wp-container-core-columns-is-layout-9d6595d7 wp-block-columns-is-layout-flex">
<div class="wp-block-column is-layout-flow wp-block-column-is-layout-flow">
<p class="has-small-font-size">Bitte beachten Sie, dass die Bezahlung derzeit ausschließlich <strong>in bar</strong> möglich ist.<br>Wir bitten Sie außerdem, <strong>ohne Nagellack oder Gel-/Shellac-Beschichtung</strong> zur Behandlung zu erscheinen, da diese vor Beginn entfernt werden müssten. Vielen Dank für Ihr Verständnis.</p>
</div>
</div>
</div></div>
</div></div>



<p></p>

<p>Kinder Fußpflege 38,00€</p>
